{"id":15,"date":"2014-01-09T16:14:31","date_gmt":"2014-01-09T15:14:31","guid":{"rendered":"http:\/\/liretravaillerderrida.wordpress.com\/?page_id=15"},"modified":"2016-11-08T21:31:33","modified_gmt":"2016-11-08T20:31:33","slug":"programme-detaille","status":"publish","type":"page","link":"https:\/\/archive.revue-iter.org\/?page_id=15","title":{"rendered":"Programme d\u00e9taill\u00e9"},"content":{"rendered":"<p><strong>Ann\u00e9e 2016-2017<\/strong><\/p>\n<p><a href=\"http:\/\/lire-travailler-derrida.org\/WordPress3\/wp-content\/uploads\/2016\/11\/v_9782718608761.jpg\"><img decoding=\"async\" loading=\"lazy\" class=\"alignnone size-full wp-image-284\" src=\"http:\/\/lire-travailler-derrida.org\/WordPress3\/wp-content\/uploads\/2016\/11\/v_9782718608761.jpg\" alt=\"v_9782718608761\" width=\"180\" height=\"288\" \/><\/a>\u00a0 Lecture d\u00e9taill\u00e9e du <em><a href=\"http:\/\/www.editions-galilee.fr\/f\/index.php?sp=liv&amp;livre_id=3386\" target=\"_blank\">Seminaire La peine de mort, vol.1 (Paris: Galil\u00e9e, 2012)<\/a>\u00a0<\/em><\/p>\n<p>&nbsp;<\/p>\n<p><strong>Ann\u00e9e 2015-2016<\/strong><\/p>\n<p><a href=\"http:\/\/www.editions-galilee.fr\/f\/index.php?sp=liv&amp;livre_id=2760\"><img decoding=\"async\" loading=\"lazy\" class=\" wp-image-258 alignleft\" src=\"http:\/\/lire-travailler-derrida.org\/WordPress3\/wp-content\/uploads\/2014\/01\/9782718600154-300x298.jpg\" alt=\"Glas\" width=\"216\" height=\"215\" srcset=\"https:\/\/archive.revue-iter.org\/wp-content\/uploads\/2014\/01\/9782718600154-300x298.jpg 300w, https:\/\/archive.revue-iter.org\/wp-content\/uploads\/2014\/01\/9782718600154-150x150.jpg 150w, https:\/\/archive.revue-iter.org\/wp-content\/uploads\/2014\/01\/9782718600154-96x96.jpg 96w, https:\/\/archive.revue-iter.org\/wp-content\/uploads\/2014\/01\/9782718600154-24x24.jpg 24w, https:\/\/archive.revue-iter.org\/wp-content\/uploads\/2014\/01\/9782718600154-36x36.jpg 36w, https:\/\/archive.revue-iter.org\/wp-content\/uploads\/2014\/01\/9782718600154-48x48.jpg 48w, https:\/\/archive.revue-iter.org\/wp-content\/uploads\/2014\/01\/9782718600154-64x64.jpg 64w, https:\/\/archive.revue-iter.org\/wp-content\/uploads\/2014\/01\/9782718600154.jpg 676w\" sizes=\"(max-width: 216px) 100vw, 216px\" \/><\/a><\/p>\n<p>&nbsp;<\/p>\n<p>&nbsp;<\/p>\n<p>&nbsp;<\/p>\n<p>&nbsp;<\/p>\n<p>Lecture d\u00e9taill\u00e9e de <strong><em><a href=\"http:\/\/www.editions-galilee.fr\/f\/index.php?sp=liv&amp;livre_id=2760\" target=\"_blank\">Glas<\/a><\/em><\/strong><a href=\"http:\/\/www.editions-galilee.fr\/f\/index.php?sp=liv&amp;livre_id=2760\" target=\"_blank\"> (Paris : Galil\u00e9e, 1994)<\/a><\/p>\n<p>&nbsp;<\/p>\n<p>&nbsp;<\/p>\n<p><strong>Ann\u00e9e 2014-2015<\/strong><\/p>\n<p><a href=\"http:\/\/www.editions-galilee.fr\/f\/index.php?sp=liv&amp;livre_id=2780\" target=\"_blank\"><img decoding=\"async\" loading=\"lazy\" class=\"wp-image-163 alignright\" src=\"http:\/\/lire-travailler-derrida.org\/WordPress3\/wp-content\/uploads\/2014\/01\/politiques-amitie-186x300.jpg\" alt=\"politiques amitie\" width=\"126\" height=\"203\" srcset=\"https:\/\/archive.revue-iter.org\/wp-content\/uploads\/2014\/01\/politiques-amitie-186x300.jpg 186w, https:\/\/archive.revue-iter.org\/wp-content\/uploads\/2014\/01\/politiques-amitie.jpg 426w\" sizes=\"(max-width: 126px) 100vw, 126px\" \/><\/a>Lecture d\u00e9taill\u00e9e du livre de Jacques Derrida<strong>\u00a0<\/strong><a href=\"http:\/\/www.editions-galilee.fr\/f\/index.php?sp=liv&amp;livre_id=2780\" target=\"_blank\"><strong><em>Politiques de l&#8217;amiti\u00e9<\/em><\/strong> (Paris : Galil\u00e9e, 1994)<\/a>.<\/p>\n<p style=\"padding-left: 30px;\">S\u00e9ance du 15 octobre 2014 : Lecture de l&#8217;\u00ab Avant-propos \u00bb et du premier chapitre\u00a0\u00ab Oligarchies : nommer, \u00e9num\u00e9rer, d\u00e9nombrer \u00bb. Coup d&#8217;envoi : H\u00e9ctor G. Casta\u00f1o<\/p>\n<p style=\"padding-left: 30px;\">S\u00e9ance du 5 novembre 2014 : Lecture du deuxi\u00e8me chapitre \u00ab Aimer d&#8217;amiti\u00e9 : peut-\u00eatre &#8211; le nom et l&#8217;adverbe \u00bb. Coup d&#8217;envoi : Marta Hern\u00e1ndez Alonso<\/p>\n<p style=\"padding-left: 30px;\">S\u00e9ance du 19 novembre 2014 : Lecture du troisi\u00e8me chapitre\u00a0\u00ab Cette &#8216; v\u00e9rit\u00e9 &#8216; folle : le juste nom de l&#8217;amiti\u00e9 \u00bb. Coup d&#8217;envoi : Alejandro Orozco<\/p>\n<p style=\"padding-left: 30px;\">S\u00e9ance du 3 d\u00e9cembre 2014 : Lecture du quatri\u00e8me chapitre \u00abL&#8217;ami revenant (au nom de la &#8216; d\u00e9mocratie &#8216;) \u00bb. Coup d&#8217;envoi : Elias Jabre<\/p>\n<p style=\"padding-left: 30px;\">S\u00e9ance du 17 d\u00e9cembre 2014 : Lecture du cinqui\u00e8me chapitre\u00a0\u00ab De l&#8217;hostilit\u00e9 absolue. La cause de la philosophie et le spectre du politique \u00bb. Coup d&#8217;envoi : Giustino De Michele<\/p>\n<p style=\"padding-left: 30px;\">S\u00e9ance du 7 janvier 2015 : Lecture du sixi\u00e8me chapitre \u00ab Serment, conjuration, fraternisation &#8211; ou la question &#8216; arm\u00e9e &#8216; \u00bb. Coup d&#8217;envoi : Gabriel Rezende<\/p>\n<p style=\"padding-left: 30px;\">S\u00e9ance du 21 janvier 2015 : Lecture du septi\u00e8me chapitre \u00ab Celui qui m&#8217;accompagne \u00bb. Coup d&#8217;envoi : Pierre Delain<\/p>\n<p style=\"padding-left: 30px;\">S\u00e9ance du 4 f\u00e9vrier 2015 : Lecture du huiti\u00e8me chapitre \u00ab Replis \u00bb. Coup d&#8217;envoi : Licia Bosco Damous<\/p>\n<p style=\"padding-left: 30px;\">S\u00e9ance du 18 f\u00e9vrier 2015 : Lecture du neuvi\u00e8me chapitre \u00ab &#8216; En langue d&#8217;homme, la fraternit\u00e9&#8230; &#8216; \u00bb. Coup d&#8217;envoi : Dolores Lussich<\/p>\n<p style=\"padding-left: 30px;\">S\u00e9ance du 4 mars 2015 : Lecture du dixi\u00e8me chapitre \u00ab &#8216; Pour la premi\u00e8re fois dans l&#8217;histoire de l&#8217;humanit\u00e9 &#8216; \u00bb. Coup d&#8217;envoi :\u00a0 Chantal Klein<\/p>\n<p style=\"padding-left: 30px;\">S\u00e9ance du 15 avril 2015 : Lecture du premier chapitre de \u00ab L&#8217;oreille de Heidegger \u00bb<\/p>\n<p style=\"padding-left: 30px;\">S\u00e9ance du 6 avril 2015 : Lecture du deuxi\u00e8me chapitre de \u00ab L&#8217;oreille de Heidegger \u00bb. Coup d&#8217;envoi : Alejandro Orozco<\/p>\n<p style=\"padding-left: 30px;\">S\u00e9ance du 20 avril 2015 : Lecture des troisi\u00e8me et quatri\u00e8me chapitres de \u00ab L&#8217;oreille de Heidegger \u00bb. Coup d&#8217;envoi : Susanna Lindberg<\/p>\n<p style=\"text-align: justify;\">Lecture de plusieurs textes de <strong><em>Du droit \u00e0 la philosophie<\/em><\/strong> (Galil\u00e9e, 1990), dans le cadre du s\u00e9minaire organis\u00e9 par Yuji Nishiyama au Coll\u00e8ge Internationale de Philosophie : <a href=\"http:\/\/www.ciph.org\/Site\/Accueil_files\/Prog2014-15S2_2.pdf\" target=\"_blank\">le programme peut \u00eatre t\u00e9l\u00e9charg\u00e9 ici (p. 33)<\/a>. Attention, ces s\u00e9ances ont lieu au <span style=\"text-decoration: underline;\">Centre Parisien d\u2019\u00c9tudes Critiques (CPEC)<\/span>, 37 bis rue du Sentier, 75002 Paris, de <span style=\"text-decoration: underline;\">18h30 \u00e0 20h30<\/span>.<\/p>\n<p style=\"text-align: justify; padding-left: 30px;\">S\u00e9ance du 16 mars 2015 : Lecture des textes\u00a0&#8220;Titres&#8221; et &#8220;Coups d&#8217;envoi&#8221;. Intervenants : <strong> Gis\u00e8le Berkman<\/strong> (ancienne directrice de programme au Coll\u00e8ge international de Philosophie) ; commentaire : Kei Kiritani<\/p>\n<p style=\"text-align: justify; padding-left: 30px;\">S\u00e9ance du 19 mars 2015 : Lecture du texte &#8220;<em>Mochlos<\/em> &#8211; ou le conflit des facult\u00e9s&#8221;. Intervenants :\u00a0<strong>Kazuisa Fujimoto<\/strong> (Universit\u00e9 Waseda)\u200b\u00a0 ; commentaire : Pierre Delain<\/p>\n<p style=\"text-align: justify; padding-left: 30px;\">S\u00e9ance du 23 mars 2015 : Lecture du texte &#8220;Popularit\u00e9s. Du droit \u00e0 la philosophie du droit&#8221;. Intervenants : <strong>Hisashi Fujita<\/strong> (Kyusyu Sangyo University)\u200b ; commentaire : H\u00e9ctor G. Casta\u00f1o<\/p>\n<p style=\"text-align: justify; padding-left: 30px;\">S\u00e9ance du 26 mars 2015 : Lecture du texte &#8220;S&#8217;il y a lieu de traduire&#8221;. Intervenants : <strong>Yoshinori Tsuzaki<\/strong> (Universit\u00e9 de Tsukuba)\u200b ; commentaire : Elise Lamy-Rested<\/p>\n<p style=\"text-align: justify;\"><span style=\"text-decoration: underline;\">Participants actifs<\/span> : Licia Bosco Damous (Paris 1), Saskia Brown, H\u00e9ctor G. Casta\u00f1o (Nanterre), Benjamin Curtis (ENS), Nivalda Assun\u00e7\u00e3o de Araujo, Pierre Delain (ENS), Giustino de Michele (Paris 8), Marta Hern\u00e1ndez Alonso (Paris 8), Elias Jabre, Kang Hye-Yun (Northwestern University), Chantal Klein, Elise Lamy-Rested, Susanna Lindberg (Tampere\/Nanterre) Dolores Lussich (Paris 8), David Maruzzella (DePaul University\/ENS), Thomas Mercier (King&#8217;s College), Cristina Morar (Ottawa), Alejandro Orozco (Paris 8), Gabriel Rezende (Paris 8), Charles Selvan (Paris 8)<\/p>\n<p><strong>Ann\u00e9e 2013-2014<\/strong><\/p>\n<p>Lecture d\u00e9taill\u00e9e du livre de Jacques Derrida <em>La B\u00eate et le Souverain<\/em>, volume I (Paris : Galil\u00e9e, 2010)<\/p>\n<p style=\"text-align: left;\"><span style=\"text-decoration: underline;\">Participants actifs<\/span> : Ernesto Blanes (Paris 8), Michalis Brouzos (Paris 1), Saskia Brown, Donald Cross (Buffalo), H\u00e9ctor G. Casta\u00f1o (Nanterre), Pierre Delain (ENS), Paul Earlie (Oxford), Marta Hern\u00e1ndez Alonso (Paris 8), Constantin Irodotou (Paris 8), Elias Jabre, David Johnson (Buffalo), Kei Kiritani (Strasbourg), Aidy Laib (Paris 7), Elise Lamy-Rested, Patrick Llored (Lyon), Johann\u00a0Muszynski (Paris 1), Alejandro Orozco (Paris 8), Charles Selvan (Paris 8)<\/p>\n<p>&nbsp;<\/p>\n","protected":false},"excerpt":{"rendered":"<p>Ann\u00e9e 2016-2017 \u00a0 Lecture d\u00e9taill\u00e9e du Seminaire La peine de mort, vol.1 (Paris: Galil\u00e9e, 2012)\u00a0 &nbsp; Ann\u00e9e 2015-2016 &nbsp; &nbsp; &nbsp; &nbsp; Lecture d\u00e9taill\u00e9e de Glas (Paris : Galil\u00e9e, 1994) &nbsp; &nbsp; Ann\u00e9e 2014-2015 Lecture d\u00e9taill\u00e9e du livre de Jacques Derrida\u00a0Politiques de l&#8217;amiti\u00e9 (Paris : Galil\u00e9e, 1994). S\u00e9ance du 15 octobre 2014 : Lecture de <a href='https:\/\/archive.revue-iter.org\/?page_id=15' class='excerpt-more'>[&#8230;]<\/a><\/p>\n","protected":false},"author":1,"featured_media":0,"parent":0,"menu_order":0,"comment_status":"closed","ping_status":"closed","template":"","meta":[],"_links":{"self":[{"href":"https:\/\/archive.revue-iter.org\/index.php?rest_route=\/wp\/v2\/pages\/15"}],"collection":[{"href":"https:\/\/archive.revue-iter.org\/index.php?rest_route=\/wp\/v2\/pages"}],"about":[{"href":"https:\/\/archive.revue-iter.org\/index.php?rest_route=\/wp\/v2\/types\/page"}],"author":[{"embeddable":true,"href":"https:\/\/archive.revue-iter.org\/index.php?rest_route=\/wp\/v2\/users\/1"}],"replies":[{"embeddable":true,"href":"https:\/\/archive.revue-iter.org\/index.php?rest_route=%2Fwp%2Fv2%2Fcomments&post=15"}],"version-history":[{"count":26,"href":"https:\/\/archive.revue-iter.org\/index.php?rest_route=\/wp\/v2\/pages\/15\/revisions"}],"predecessor-version":[{"id":288,"href":"https:\/\/archive.revue-iter.org\/index.php?rest_route=\/wp\/v2\/pages\/15\/revisions\/288"}],"wp:attachment":[{"href":"https:\/\/archive.revue-iter.org\/index.php?rest_route=%2Fwp%2Fv2%2Fmedia&parent=15"}],"curies":[{"name":"wp","href":"https:\/\/api.w.org\/{rel}","templated":true}]}}

Programme détaillé

<p><strong>Année 2016-2017</strong></p>
<p><a href="http://lire-travailler-derrida.org/WordPress3/wp-content/uploads/2016/11/v_9782718608761.jpg"><img decoding="async" loading="lazy" class="alignnone size-full wp-image-284" src="http://lire-travailler-derrida.org/WordPress3/wp-content/uploads/2016/11/v_9782718608761.jpg" alt="v_9782718608761" width="180" height="288" /></a>  Lecture détaillée du <em><a href="http://www.editions-galilee.fr/f/index.php?sp=liv&amp;livre_id=3386" target="_blank">Seminaire La peine de mort, vol.1 (Paris: Galilée, 2012)</a> </em></p>
<p>&nbsp;</p>
<p><strong>Année 2015-2016</strong></p>
<p><a href="http://www.editions-galilee.fr/f/index.php?sp=liv&amp;livre_id=2760"><img decoding="async" loading="lazy" class=" wp-image-258 alignleft" src="http://lire-travailler-derrida.org/WordPress3/wp-content/uploads/2014/01/9782718600154-300x298.jpg" alt="Glas" width="216" height="215" srcset="https://archive.revue-iter.org/wp-content/uploads/2014/01/9782718600154-300x298.jpg 300w, https://archive.revue-iter.org/wp-content/uploads/2014/01/9782718600154-150x150.jpg 150w, https://archive.revue-iter.org/wp-content/uploads/2014/01/9782718600154-96x96.jpg 96w, https://archive.revue-iter.org/wp-content/uploads/2014/01/9782718600154-24x24.jpg 24w, https://archive.revue-iter.org/wp-content/uploads/2014/01/9782718600154-36x36.jpg 36w, https://archive.revue-iter.org/wp-content/uploads/2014/01/9782718600154-48x48.jpg 48w, https://archive.revue-iter.org/wp-content/uploads/2014/01/9782718600154-64x64.jpg 64w, https://archive.revue-iter.org/wp-content/uploads/2014/01/9782718600154.jpg 676w" sizes="(max-width: 216px) 100vw, 216px" /></a></p>
<p>&nbsp;</p>
<p>&nbsp;</p>
<p>&nbsp;</p>
<p>&nbsp;</p>
<p>Lecture détaillée de <strong><em><a href="http://www.editions-galilee.fr/f/index.php?sp=liv&amp;livre_id=2760" target="_blank">Glas</a></em></strong><a href="http://www.editions-galilee.fr/f/index.php?sp=liv&amp;livre_id=2760" target="_blank"> (Paris : Galilée, 1994)</a></p>
<p>&nbsp;</p>
<p>&nbsp;</p>
<p><strong>Année 2014-2015</strong></p>
<p><a href="http://www.editions-galilee.fr/f/index.php?sp=liv&amp;livre_id=2780" target="_blank"><img decoding="async" loading="lazy" class="wp-image-163 alignright" src="http://lire-travailler-derrida.org/WordPress3/wp-content/uploads/2014/01/politiques-amitie-186x300.jpg" alt="politiques amitie" width="126" height="203" srcset="https://archive.revue-iter.org/wp-content/uploads/2014/01/politiques-amitie-186x300.jpg 186w, https://archive.revue-iter.org/wp-content/uploads/2014/01/politiques-amitie.jpg 426w" sizes="(max-width: 126px) 100vw, 126px" /></a>Lecture détaillée du livre de Jacques Derrida<strong> </strong><a href="http://www.editions-galilee.fr/f/index.php?sp=liv&amp;livre_id=2780" target="_blank"><strong><em>Politiques de l&#8217;amitié</em></strong> (Paris : Galilée, 1994)</a>.</p>
<p style="padding-left: 30px;">Séance du 15 octobre 2014 : Lecture de l&#8217;« Avant-propos » et du premier chapitre « Oligarchies : nommer, énumérer, dénombrer ». Coup d&#8217;envoi : Héctor G. Castaño</p>
<p style="padding-left: 30px;">Séance du 5 novembre 2014 : Lecture du deuxième chapitre « Aimer d&#8217;amitié : peut-être &#8211; le nom et l&#8217;adverbe ». Coup d&#8217;envoi : Marta Hernández Alonso</p>
<p style="padding-left: 30px;">Séance du 19 novembre 2014 : Lecture du troisième chapitre « Cette &#8216; vérité &#8216; folle : le juste nom de l&#8217;amitié ». Coup d&#8217;envoi : Alejandro Orozco</p>
<p style="padding-left: 30px;">Séance du 3 décembre 2014 : Lecture du quatrième chapitre «L&#8217;ami revenant (au nom de la &#8216; démocratie &#8216;) ». Coup d&#8217;envoi : Elias Jabre</p>
<p style="padding-left: 30px;">Séance du 17 décembre 2014 : Lecture du cinquième chapitre « De l&#8217;hostilité absolue. La cause de la philosophie et le spectre du politique ». Coup d&#8217;envoi : Giustino De Michele</p>
<p style="padding-left: 30px;">Séance du 7 janvier 2015 : Lecture du sixième chapitre « Serment, conjuration, fraternisation &#8211; ou la question &#8216; armée &#8216; ». Coup d&#8217;envoi : Gabriel Rezende</p>
<p style="padding-left: 30px;">Séance du 21 janvier 2015 : Lecture du septième chapitre « Celui qui m&#8217;accompagne ». Coup d&#8217;envoi : Pierre Delain</p>
<p style="padding-left: 30px;">Séance du 4 février 2015 : Lecture du huitième chapitre « Replis ». Coup d&#8217;envoi : Licia Bosco Damous</p>
<p style="padding-left: 30px;">Séance du 18 février 2015 : Lecture du neuvième chapitre « &#8216; En langue d&#8217;homme, la fraternité&#8230; &#8216; ». Coup d&#8217;envoi : Dolores Lussich</p>
<p style="padding-left: 30px;">Séance du 4 mars 2015 : Lecture du dixième chapitre « &#8216; Pour la première fois dans l&#8217;histoire de l&#8217;humanité &#8216; ». Coup d&#8217;envoi :  Chantal Klein</p>
<p style="padding-left: 30px;">Séance du 15 avril 2015 : Lecture du premier chapitre de « L&#8217;oreille de Heidegger »</p>
<p style="padding-left: 30px;">Séance du 6 avril 2015 : Lecture du deuxième chapitre de « L&#8217;oreille de Heidegger ». Coup d&#8217;envoi : Alejandro Orozco</p>
<p style="padding-left: 30px;">Séance du 20 avril 2015 : Lecture des troisième et quatrième chapitres de « L&#8217;oreille de Heidegger ». Coup d&#8217;envoi : Susanna Lindberg</p>
<p style="text-align: justify;">Lecture de plusieurs textes de <strong><em>Du droit à la philosophie</em></strong> (Galilée, 1990), dans le cadre du séminaire organisé par Yuji Nishiyama au Collège Internationale de Philosophie : <a href="http://www.ciph.org/Site/Accueil_files/Prog2014-15S2_2.pdf" target="_blank">le programme peut être téléchargé ici (p. 33)</a>. Attention, ces séances ont lieu au <span style="text-decoration: underline;">Centre Parisien d’Études Critiques (CPEC)</span>, 37 bis rue du Sentier, 75002 Paris, de <span style="text-decoration: underline;">18h30 à 20h30</span>.</p>
<p style="text-align: justify; padding-left: 30px;">Séance du 16 mars 2015 : Lecture des textes &#8220;Titres&#8221; et &#8220;Coups d&#8217;envoi&#8221;. Intervenants : <strong> Gisèle Berkman</strong> (ancienne directrice de programme au Collège international de Philosophie) ; commentaire : Kei Kiritani</p>
<p style="text-align: justify; padding-left: 30px;">Séance du 19 mars 2015 : Lecture du texte &#8220;<em>Mochlos</em> &#8211; ou le conflit des facultés&#8221;. Intervenants : <strong>Kazuisa Fujimoto</strong> (Université Waseda)​  ; commentaire : Pierre Delain</p>
<p style="text-align: justify; padding-left: 30px;">Séance du 23 mars 2015 : Lecture du texte &#8220;Popularités. Du droit à la philosophie du droit&#8221;. Intervenants : <strong>Hisashi Fujita</strong> (Kyusyu Sangyo University)​ ; commentaire : Héctor G. Castaño</p>
<p style="text-align: justify; padding-left: 30px;">Séance du 26 mars 2015 : Lecture du texte &#8220;S&#8217;il y a lieu de traduire&#8221;. Intervenants : <strong>Yoshinori Tsuzaki</strong> (Université de Tsukuba)​ ; commentaire : Elise Lamy-Rested</p>
<p style="text-align: justify;"><span style="text-decoration: underline;">Participants actifs</span> : Licia Bosco Damous (Paris 1), Saskia Brown, Héctor G. Castaño (Nanterre), Benjamin Curtis (ENS), Nivalda Assunção de Araujo, Pierre Delain (ENS), Giustino de Michele (Paris 8), Marta Hernández Alonso (Paris 8), Elias Jabre, Kang Hye-Yun (Northwestern University), Chantal Klein, Elise Lamy-Rested, Susanna Lindberg (Tampere/Nanterre) Dolores Lussich (Paris 8), David Maruzzella (DePaul University/ENS), Thomas Mercier (King&#8217;s College), Cristina Morar (Ottawa), Alejandro Orozco (Paris 8), Gabriel Rezende (Paris 8), Charles Selvan (Paris 8)</p>
<p><strong>Année 2013-2014</strong></p>
<p>Lecture détaillée du livre de Jacques Derrida <em>La Bête et le Souverain</em>, volume I (Paris : Galilée, 2010)</p>
<p style="text-align: left;"><span style="text-decoration: underline;">Participants actifs</span> : Ernesto Blanes (Paris 8), Michalis Brouzos (Paris 1), Saskia Brown, Donald Cross (Buffalo), Héctor G. Castaño (Nanterre), Pierre Delain (ENS), Paul Earlie (Oxford), Marta Hernández Alonso (Paris 8), Constantin Irodotou (Paris 8), Elias Jabre, David Johnson (Buffalo), Kei Kiritani (Strasbourg), Aidy Laib (Paris 7), Elise Lamy-Rested, Patrick Llored (Lyon), Johann Muszynski (Paris 1), Alejandro Orozco (Paris 8), Charles Selvan (Paris 8)</p>
<p>&nbsp;</p>

<p>Année 2016-2017   Lecture détaillée du Seminaire La peine de mort, vol.1 (Paris: Galilée, 2012)  &nbsp; Année 2015-2016 &nbsp; &nbsp; &nbsp; &nbsp; Lecture détaillée de Glas (Paris : Galilée, 1994) &nbsp; &nbsp; Année 2014-2015 Lecture détaillée du livre de Jacques Derrida Politiques de l&#8217;amitié (Paris : Galilée, 1994). Séance du 15 octobre 2014 : Lecture de <a href='https://archive.revue-iter.org/?page_id=15' class='excerpt-more'>[&#8230;]</a></p>
